{"id":773,"date":"2024-10-23T10:47:56","date_gmt":"2024-10-23T08:47:56","guid":{"rendered":"https:\/\/ligneartdeco.fr\/?post_type=product&#038;p=773"},"modified":"2025-01-03T14:46:49","modified_gmt":"2025-01-03T13:46:49","slug":"cat-kawaii","status":"publish","type":"product","link":"https:\/\/ligneartdeco.fr\/index.php\/produit\/cat-kawaii\/","title":{"rendered":"CAT KAWAII"},"content":{"rendered":"<p>Rencontrez Cat Kawaii, un adorable chaton kawaii qui apporte une touche de douceur \u00e0 votre d\u00e9coration ! Mesurant 18 x 19 cm, il est confectionn\u00e9 avec soin en fil fran\u00e7ais recycl\u00e9 dans des teintes apaisantes de beige, bleu et blanc. Son nez rose p\u00e2le ajoute une note d\u00e9licate \u00e0 son visage expressif et attachant. Cat Kawaii est id\u00e9al pour \u00e9gayer une chambre d\u2019enfant ou apporter un brin de mignonnerie \u00e0 votre int\u00e9rieur. Cet artisanat \u00e9coresponsable est non seulement beau, mais il fait \u00e9galement du bien \u00e0 la plan\u00e8te. Faites-lui une place dans votre foyer et laissez-le s\u00e9duire tous les amoureux des chats !<\/p>\n","protected":false},"excerpt":{"rendered":"<p>18X19cm <\/p>\n","protected":false},"featured_media":774,"comment_status":"open","ping_status":"closed","template":"","meta":[],"product_cat":[32,30],"product_tag":[],"class_list":{"0":"post-773","1":"product","2":"type-product","3":"status-publish","4":"has-post-thumbnail","6":"product_cat-deco","7":"product_cat-tapis","9":"first","10":"outofstock","11":"sold-individually","12":"taxable","13":"shipping-taxable","14":"purchasable","15":"product-type-simple"},"jetpack_sharing_enabled":true,"_links":{"self":[{"href":"https:\/\/ligneartdeco.fr\/index.php\/wp-json\/wp\/v2\/product\/773","targetHints":{"allow":["GET"]}}],"collection":[{"href":"https:\/\/ligneartdeco.fr\/index.php\/wp-json\/wp\/v2\/product"}],"about":[{"href":"https:\/\/ligneartdeco.fr\/index.php\/wp-json\/wp\/v2\/types\/product"}],"replies":[{"embeddable":true,"href":"https:\/\/ligneartdeco.fr\/index.php\/wp-json\/wp\/v2\/comments?post=773"}],"wp:featuredmedia":[{"embeddable":true,"href":"https:\/\/ligneartdeco.fr\/index.php\/wp-json\/wp\/v2\/media\/774"}],"wp:attachment":[{"href":"https:\/\/ligneartdeco.fr\/index.php\/wp-json\/wp\/v2\/media?parent=773"}],"wp:term":[{"taxonomy":"product_cat","embeddable":true,"href":"https:\/\/ligneartdeco.fr\/index.php\/wp-json\/wp\/v2\/product_cat?post=773"},{"taxonomy":"product_tag","embeddable":true,"href":"https:\/\/ligneartdeco.fr\/index.php\/wp-json\/wp\/v2\/product_tag?post=773"}],"curies":[{"name":"wp","href":"https:\/\/api.w.org\/{rel}","templated":true}]}}