{"id":771,"date":"2024-10-23T11:22:59","date_gmt":"2024-10-23T09:22:59","guid":{"rendered":"https:\/\/ligneartdeco.fr\/?post_type=product&#038;p=771"},"modified":"2024-11-23T18:08:36","modified_gmt":"2024-11-23T17:08:36","slug":"bleuette-la-girafe","status":"publish","type":"product","link":"https:\/\/ligneartdeco.fr\/index.php\/produit\/bleuette-la-girafe\/","title":{"rendered":"BLEUETTE LA GIRAFE"},"content":{"rendered":"<p>Ajoutez une touche de fantaisie \u00e0 votre int\u00e9rieur avec cette adorable girafe au style kawaii, confectionn\u00e9e \u00e0 la main avec 100% de fils recycl\u00e9s fran\u00e7ais. Ce compagnon aux couleurs douces de marron, beige et orange, et ses grands yeux bleus captivants, est agr\u00e9ment\u00e9 d\u2019un joli n\u0153ud bleu et violet sur la t\u00eate. Parfaite pour d\u00e9corer une chambre d\u2019enfant ou apporter une note ludique \u00e0 votre espace, cette girafe \u00e9coresponsable allie mignonnerie et engagement environnemental. Un v\u00e9ritable petit tr\u00e9sor artisanal qui fera sourire toute la famille !<\/p>\n","protected":false},"excerpt":{"rendered":"<p>31x34cm <\/p>\n","protected":false},"featured_media":776,"comment_status":"open","ping_status":"closed","template":"","meta":[],"product_cat":[25,32,30],"product_tag":[],"class_list":{"0":"post-771","1":"product","2":"type-product","3":"status-publish","4":"has-post-thumbnail","6":"product_cat-non-classe","7":"product_cat-deco","8":"product_cat-tapis","9":"product_shipping_class-leger","11":"first","12":"instock","13":"sold-individually","14":"taxable","15":"shipping-taxable","16":"purchasable","17":"product-type-simple"},"jetpack_sharing_enabled":true,"_links":{"self":[{"href":"https:\/\/ligneartdeco.fr\/index.php\/wp-json\/wp\/v2\/product\/771","targetHints":{"allow":["GET"]}}],"collection":[{"href":"https:\/\/ligneartdeco.fr\/index.php\/wp-json\/wp\/v2\/product"}],"about":[{"href":"https:\/\/ligneartdeco.fr\/index.php\/wp-json\/wp\/v2\/types\/product"}],"replies":[{"embeddable":true,"href":"https:\/\/ligneartdeco.fr\/index.php\/wp-json\/wp\/v2\/comments?post=771"}],"wp:featuredmedia":[{"embeddable":true,"href":"https:\/\/ligneartdeco.fr\/index.php\/wp-json\/wp\/v2\/media\/776"}],"wp:attachment":[{"href":"https:\/\/ligneartdeco.fr\/index.php\/wp-json\/wp\/v2\/media?parent=771"}],"wp:term":[{"taxonomy":"product_cat","embeddable":true,"href":"https:\/\/ligneartdeco.fr\/index.php\/wp-json\/wp\/v2\/product_cat?post=771"},{"taxonomy":"product_tag","embeddable":true,"href":"https:\/\/ligneartdeco.fr\/index.php\/wp-json\/wp\/v2\/product_tag?post=771"}],"curies":[{"name":"wp","href":"https:\/\/api.w.org\/{rel}","templated":true}]}}