{"id":65,"date":"2024-06-07T21:21:23","date_gmt":"2024-06-07T19:21:23","guid":{"rendered":"https:\/\/ligneartdeco.fr\/index.php\/front_page\/"},"modified":"2024-10-11T08:35:47","modified_gmt":"2024-10-11T06:35:47","slug":"a-propos","status":"publish","type":"page","link":"https:\/\/ligneartdeco.fr\/index.php\/a-propos\/","title":{"rendered":"A propos"},"content":{"rendered":"<div class=\"wp-block-columns mb-4 is-layout-flex wp-container-core-columns-is-layout-b18b46e4 wp-block-columns-is-layout-flex\" style=\"border-style:none;border-width:0px;border-radius:87px;margin-top:var(--wp--preset--spacing--x-large);margin-bottom:var(--wp--preset--spacing--small);padding-top:var(--wp--preset--spacing--small);padding-right:var(--wp--preset--spacing--medium);padding-bottom:var(--wp--preset--spacing--small);padding-left:var(--wp--preset--spacing--medium)\"><div class=\"wp-block-column is-layout-flow wp-block-column-is-layout-flow\" style=\"flex-basis:33.33%\"><div class=\"wp-block-image is-style-rounded\"><figure class=\"aligncenter size-large\"><img loading=\"lazy\" decoding=\"async\" width=\"1024\" height=\"1024\" src=\"https:\/\/ligneartdeco.fr\/wp-content\/uploads\/2024\/06\/1000007540-1024x1024.png\" alt=\"\" class=\"wp-image-173\" srcset=\"https:\/\/ligneartdeco.fr\/wp-content\/uploads\/2024\/06\/1000007540-1024x1024.png 1024w, https:\/\/ligneartdeco.fr\/wp-content\/uploads\/2024\/06\/1000007540-300x300.png 300w, https:\/\/ligneartdeco.fr\/wp-content\/uploads\/2024\/06\/1000007540-100x100.png 100w, https:\/\/ligneartdeco.fr\/wp-content\/uploads\/2024\/06\/1000007540-600x600.png 600w, https:\/\/ligneartdeco.fr\/wp-content\/uploads\/2024\/06\/1000007540-150x150.png 150w, https:\/\/ligneartdeco.fr\/wp-content\/uploads\/2024\/06\/1000007540-768x768.png 768w, https:\/\/ligneartdeco.fr\/wp-content\/uploads\/2024\/06\/1000007540-800x800.png 800w, https:\/\/ligneartdeco.fr\/wp-content\/uploads\/2024\/06\/1000007540.png 1080w\" sizes=\"auto, (max-width: 1024px) 100vw, 1024px\" \/><\/figure><\/div><\/div>\n\n<div class=\"wp-block-column is-vertically-aligned-center is-layout-constrained wp-block-column-is-layout-constrained\" style=\"flex-basis:66.66%\"><h2 class=\"wp-block-heading has-text-color has-link-color wp-elements-e7470d9151f001d900026e98fed1376a\" style=\"color:#0bb4aa\">Ligne Art d\u2019\u00c9co c\u2019est quoi?<\/h2>\n\n<p>\u00catre \u00e9coresponsable, c\u2019est faire le choix de consommer de mani\u00e8re plus consciente, sans renoncer au plaisir ni \u00e0 l\u2019esth\u00e9tique.<\/p>\n\n<p>Je suis Tania, une cr\u00e9atrice passionn\u00e9e par l\u2019art du tufting et profond\u00e9ment attach\u00e9e \u00e0 ma r\u00e9gion, l\u2019Alsace. Anim\u00e9e par un engagement \u00e9cologique, je con\u00e7ois des tapis et des \u0153uvres uniques, alliant <strong>cr\u00e9ativit\u00e9, savoir-faire<\/strong> et <strong>respect de l\u2019environnement<\/strong>.<\/p>\n\n<p>Mon ambition ? Vous offrir des pi\u00e8ces sur mesure, \u00e9thiques et durables, qui embellissent votre int\u00e9rieur tout en pr\u00e9servant notre plan\u00e8te. \ud83c\udf3f<\/p><\/div><\/div><h2 class=\"wp-block-heading has-text-align-left mt-4 mb-4 has-text-color has-link-color wp-elements-d5c5a2b814e90a05cc798ca5a8a7a20f\" style=\"color:#0bb4aa\"><strong>Pourquoi choisir Ligne Art d&rsquo;eco ?<\/strong><\/h2><div class=\"wp-block-columns alignfull mb-4 has-background-background-color has-background is-layout-flex wp-container-core-columns-is-layout-3074fcd4 wp-block-columns-is-layout-flex\" style=\"margin-top:0;margin-bottom:0;padding-top:var(--wp--preset--spacing--medium);padding-right:var(--wp--preset--spacing--medium);padding-bottom:var(--wp--preset--spacing--medium);padding-left:var(--wp--preset--spacing--medium)\"><div class=\"wp-block-column is-layout-flow wp-block-column-is-layout-flow\"><div class=\"card shadow-lg rounded custom-equal-height\">\n    <img decoding=\"async\" src=\"https:\/\/ligneartdeco.fr\/wp-content\/uploads\/2024\/09\/pexels-matreding-12467785-2000x2666.jpg\" \n         class=\"img-fluid\" \n         style=\"height: 300px; object-fit: cover;\" \n         alt=\"Fabrication 100% fran\u00e7aise\">\n    <div class=\"card-body\">\n      <h5 class=\"card-title font-weight-bold\" style=\"color: #0bb4aa;\">Fabrication 100% fran\u00e7aise<\/h5>\n      <p class=\"card-text text-muted\">\n        Chaque tapis est con\u00e7u et fabriqu\u00e9 dans notre atelier en Alsace, avec des mati\u00e8res premi\u00e8res soigneusement s\u00e9lectionn\u00e9es. Nous utilisons des fils recycl\u00e9s et de la toile de jute provenant exclusivement d\u2019entreprises fran\u00e7aises, afin de vous offrir des cr\u00e9ations r\u00e9alis\u00e9es avec des mat\u00e9riaux nobles.\n      <\/p>\n    <\/div>\n  <\/div><\/div>\n\n<div class=\"wp-block-column is-layout-constrained wp-block-column-is-layout-constrained\"><div class=\"card shadow-lg rounded custom-equal-height\">\n    <img decoding=\"async\" src=\"https:\/\/ligneartdeco.fr\/wp-content\/uploads\/2024\/09\/pexels-cristian-rojas-8030144-scaled.jpg\" \n         class=\"img-fluid\" \n         style=\"height: 300px; object-fit: cover;\" \n         alt=\"Design personnalis\u00e9\">\n    <div class=\"card-body\">\n      <h5 class=\"card-title font-weight-bold\" style=\"color: #0bb4aa;\">Design personnalis\u00e9<\/h5>\n      <p class=\"card-text text-muted\">\n        Nous croyons que chaque int\u00e9rieur m\u00e9rite un tapis qui lui ressemble. C\u2019est pourquoi nous offrons des services de personnalisation pour que vous puissiez cr\u00e9er un tapis qui refl\u00e8te parfaitement votre style et vos besoins.\n      <\/p>\n    <\/div>\n<\/div><\/div><\/div><div class=\"wp-block-columns alignfull mb-4 has-background-background-color has-background is-layout-flex wp-container-core-columns-is-layout-3074fcd4 wp-block-columns-is-layout-flex\" style=\"margin-top:0;margin-bottom:0;padding-top:var(--wp--preset--spacing--medium);padding-right:var(--wp--preset--spacing--medium);padding-bottom:var(--wp--preset--spacing--medium);padding-left:var(--wp--preset--spacing--medium)\"><div class=\"wp-block-column is-layout-flow wp-block-column-is-layout-flow\"><div class=\"card shadow-lg rounded custom-equal-height\">\n    <img decoding=\"async\" src=\"https:\/\/ligneartdeco.fr\/wp-content\/uploads\/2024\/09\/pexels-polina-kovaleva-6620112-scaled.jpg\" \n         class=\"img-fluid\" \n         style=\"height: 300px; object-fit: cover;\" \n         alt=\"Mat\u00e9riaux de qualit\u00e9\">\n    <div class=\"card-body\">\n      <h5 class=\"card-title font-weight-bold\" style=\"color: #0bb4aa;\">Mat\u00e9riaux de qualit\u00e9<\/h5>\n      <p class=\"card-text text-muted\">\n        Nous utilisons des mat\u00e9riaux soigneusement s\u00e9lectionn\u00e9s pour leur durabilit\u00e9 et leur confort. Chaque tapis est le fruit d\u2019un travail minutieux et d\u2019une attention particuli\u00e8re aux d\u00e9tails.\n      <\/p>\n    <\/div>\n<\/div><\/div>\n\n<div class=\"wp-block-column is-layout-flow wp-block-column-is-layout-flow\"><div class=\"card shadow-lg rounded custom-equal-height\">\n    <img decoding=\"async\" src=\"https:\/\/ligneartdeco.fr\/wp-content\/uploads\/2024\/09\/pexels-karolina-grabowska-5713351-scaled.jpg\" \n         class=\"img-fluid\" \n         style=\"height: 300px; object-fit: cover;\" \n         alt=\"Engagement \u00e9thique\">\n    <div class=\"card-body\">\n      <h5 class=\"card-title font-weight-bold\" style=\"color: #0bb4aa;\">Engagement \u00e9thique<\/h5>\n      <p class=\"card-text text-muted\">\n        Ligne Art d&rsquo;Eco est profond\u00e9ment engag\u00e9 envers une production durable et responsable. Nous privil\u00e9gions les m\u00e9thodes respectueuses de l\u2019environnement.\n      <\/p>\n    <\/div>\n<\/div><\/div><\/div><h2 class=\"wp-block-heading has-text-align-left has-text-color has-link-color wp-elements-1dc922d18cd82c275e40cb4d00a3af8b\" style=\"color:#0bb4aa\">Qui suis-je ? <\/h2><div class=\"wp-block-columns mt-4 is-layout-flex wp-container-core-columns-is-layout-9d6595d7 wp-block-columns-is-layout-flex\"><div class=\"wp-block-column is-layout-flow wp-block-column-is-layout-flow\" style=\"flex-basis:50%\"><p>Je suis Tania, habitante de la campagne du Haut-Rhin en Alsace, o\u00f9 je partage mon quotidien avec mon conjoint, nos quatre gar\u00e7ons ultra-dynamiques, et un chat qui semble r\u00e9gner en ma\u00eetre sur le tout. La vie chez nous est un v\u00e9ritable tourbillon, mais je ne changerais pour rien au monde ce m\u00e9lange dynamique !<\/p>\n\n<p>L\u2019\u00e9coresponsabilit\u00e9 est au c\u0153ur de ma vie, et j\u2019essaie de transmettre cette valeur \u00e0 mes enfants, m\u00eame si, avouons-le, les principes \u00e9coresponsables peuvent parfois sembler moins fascinants que les jeux vid\u00e9o. Mais que voulez-vous, j\u2019aime croire que chaque petit geste compte, m\u00eame si mes enfants me rappellent r\u00e9guli\u00e8rement que recycler les jouets ne remplace pas une partie de jeu en famille !<\/p>\n\n<p>Passionn\u00e9e de bricolage, de cr\u00e9ation et d\u2019imagination, j\u2019ai trouv\u00e9 dans l\u2019art du tufting le terrain de jeu parfait pour exprimer ma cr\u00e9ativit\u00e9. Apr\u00e8s une carri\u00e8re vari\u00e9e dans le secteur priv\u00e9 et la fonction publique, j\u2019ai d\u00e9cid\u00e9 de me lancer dans l\u2019entrepreneuriat. Mon objectif ? \u00catre libre de cr\u00e9er des \u0153uvres uniques tout en restant fid\u00e8le \u00e0 mes valeurs \u00e9coresponsables.<\/p>\n\n<p>Chez <strong>Ligne Art d&rsquo;Eco<\/strong>, chaque cr\u00e9ation est le fruit de mon engagement, de mon expertise, et d&rsquo;une bonne dose d&rsquo;humour. Je mets tout mon c\u0153ur dans mon travail, m\u00ealant art, passion, et responsabilit\u00e9. Mon aventure entrepreneuriale est un v\u00e9ritable m\u00e9lange d\u2019originalit\u00e9 et de valeurs \u00e9coresponsables. Je suis ravie de partager cette exp\u00e9rience unique avec vous !<\/p><\/div><\/div><p><\/p>","protected":false},"excerpt":{"rendered":"<p>Ligne Art d\u2019\u00c9co c\u2019est quoi? \u00catre \u00e9coresponsable, c\u2019est faire le choix de consommer de mani\u00e8re plus consciente, sans renoncer au plaisir ni \u00e0 l\u2019esth\u00e9tique. Je suis Tania, une cr\u00e9atrice passionn\u00e9e par l\u2019art du tufting et profond\u00e9ment attach\u00e9e \u00e0 ma r\u00e9gion, l\u2019Alsace. Anim\u00e9e par un engagement \u00e9cologique, je con\u00e7ois des tapis et des \u0153uvres uniques, alliant [&hellip;]<\/p>\n","protected":false},"author":1,"featured_media":173,"parent":0,"menu_order":0,"comment_status":"closed","ping_status":"closed","template":"page-templates\/no-title.php","meta":{"footnotes":""},"class_list":["post-65","page","type-page","status-publish","has-post-thumbnail","hentry"],"jetpack_sharing_enabled":true,"_links":{"self":[{"href":"https:\/\/ligneartdeco.fr\/index.php\/wp-json\/wp\/v2\/pages\/65","targetHints":{"allow":["GET"]}}],"collection":[{"href":"https:\/\/ligneartdeco.fr\/index.php\/wp-json\/wp\/v2\/pages"}],"about":[{"href":"https:\/\/ligneartdeco.fr\/index.php\/wp-json\/wp\/v2\/types\/page"}],"author":[{"embeddable":true,"href":"https:\/\/ligneartdeco.fr\/index.php\/wp-json\/wp\/v2\/users\/1"}],"replies":[{"embeddable":true,"href":"https:\/\/ligneartdeco.fr\/index.php\/wp-json\/wp\/v2\/comments?post=65"}],"version-history":[{"count":238,"href":"https:\/\/ligneartdeco.fr\/index.php\/wp-json\/wp\/v2\/pages\/65\/revisions"}],"predecessor-version":[{"id":788,"href":"https:\/\/ligneartdeco.fr\/index.php\/wp-json\/wp\/v2\/pages\/65\/revisions\/788"}],"wp:featuredmedia":[{"embeddable":true,"href":"https:\/\/ligneartdeco.fr\/index.php\/wp-json\/wp\/v2\/media\/173"}],"wp:attachment":[{"href":"https:\/\/ligneartdeco.fr\/index.php\/wp-json\/wp\/v2\/media?parent=65"}],"curies":[{"name":"wp","href":"https:\/\/api.w.org\/{rel}","templated":true}]}}